{"id":3,"date":"2025-02-13T15:37:21","date_gmt":"2025-02-13T14:37:21","guid":{"rendered":"http:\/\/energycare.fr\/?page_id=3"},"modified":"2025-09-09T10:40:29","modified_gmt":"2025-09-09T08:40:29","slug":"politique-de-confidentialite","status":"publish","type":"page","link":"https:\/\/energycare.fr\/index.php\/politique-de-confidentialite\/","title":{"rendered":"Politique de confidentialit\u00e9"},"content":{"rendered":"[et_pb_section fb_built=\u00a0\u00bb1&Prime; admin_label=\u00a0\u00bbsection\u00a0\u00bb _builder_version=\u00a0\u00bb4.16&Prime; global_colors_info=\u00a0\u00bb{}\u00a0\u00bb][et_pb_row admin_label=\u00a0\u00bbrow\u00a0\u00bb _builder_version=\u00a0\u00bb4.16&Prime; background_size=\u00a0\u00bbinitial\u00a0\u00bb background_position=\u00a0\u00bbtop_left\u00a0\u00bb background_repeat=\u00a0\u00bbrepeat\u00a0\u00bb global_colors_info=\u00a0\u00bb{}\u00a0\u00bb][et_pb_column type=\u00a0\u00bb4_4&Prime; _builder_version=\u00a0\u00bb4.16&Prime; custom_padding=\u00a0\u00bb|||\u00a0\u00bb global_colors_info=\u00a0\u00bb{}\u00a0\u00bb custom_padding__hover=\u00a0\u00bb|||\u00a0\u00bb][et_pb_text admin_label=\u00a0\u00bbText\u00a0\u00bb _builder_version=\u00a0\u00bb4.27.4&Prime; background_size=\u00a0\u00bbinitial\u00a0\u00bb background_position=\u00a0\u00bbtop_left\u00a0\u00bb background_repeat=\u00a0\u00bbrepeat\u00a0\u00bb global_colors_info=\u00a0\u00bb{}\u00a0\u00bb]<p><\/p>\n<h2 class=\"wp-block-heading\"><b>Politique de Confidentialit\u00e9<\/b><\/h2>\n<p class=\"p2\">\n<p class=\"p2\">\n<h3><b>1. <\/b><\/h3>\n<h3><b>Identification du responsable du traitement<\/b><\/h3>\n<p class=\"p2\">\n<p class=\"p3\"><span class=\"s2\"><b>EnergyCare<\/b><\/span> (SASU au capital de 60 000 \u20ac), RCS Lyon 810 204 784, dont le si\u00e8ge social est situ\u00e9 ZAC de Clape Loup, 3 Rue des Marronniers, 69280 Sainte-Consorce (France) \u2013 contact : <span class=\"s2\"><b>contact@energycare.fr<\/b><\/span>.<\/p>\n<p class=\"p3\">Autres agences : Paris, Martinique, \u00cele-de-France, Hauts-de-France<span class=\"Apple-converted-space\">\u00a0 <\/span><span class=\"s3\"><\/span>.<\/p>\n<hr \/>\n<h3><b>2. <\/b><\/h3>\n<h3><b>Donn\u00e9es collect\u00e9es<\/b><\/h3>\n<p class=\"p2\">\n<p class=\"p3\">Nous pouvons \u00eatre amen\u00e9s \u00e0 collecter les cat\u00e9gories de donn\u00e9es suivantes :<\/p>\n<ul>\n<li>\n<p class=\"p1\"><span class=\"s1\"><b>Identifiants de contact<\/b><\/span> : nom, pr\u00e9nom, adresse e-mail, num\u00e9ro de t\u00e9l\u00e9phone, si vous nous contactez via le formulaire.<\/p>\n<\/li>\n<li>\n<p class=\"p1\"><span class=\"s1\"><b>Informations professionnelles<\/b><\/span> : si vous \u00eates prospect ou client (entreprise, secteur, besoin, etc.).<\/p>\n<\/li>\n<li>\n<p class=\"p1\"><span class=\"s1\"><b>Donn\u00e9es de navigation<\/b><\/span> : via des cookies analytiques (ex. Google Analytics), pour am\u00e9liorer le site (sous r\u00e9serve de consentement).<\/p>\n<\/li>\n<\/ul>\n<hr \/>\n<h3><b>3. <\/b><\/h3>\n<h3><b>Finalit\u00e9s du traitement<\/b><\/h3>\n<ul>\n<li>\n<p class=\"p1\">G\u00e9rer vos demandes via les formulaires de contact.<\/p>\n<\/li>\n<li>\n<p class=\"p1\">Vous r\u00e9pondre efficacement (information, devis, suivi).<\/p>\n<\/li>\n<li>\n<p class=\"p1\">Envoyer des actualit\u00e9s, offres, ou newsletter si un consentement explicite est collect\u00e9.<\/p>\n<\/li>\n<li>\n<p class=\"p1\">Am\u00e9liorer l\u2019ergonomie et analyser l\u2019usage du site pour optimiser son contenu (avec consentement).<\/p>\n<\/li>\n<\/ul>\n<hr \/>\n<h3><b>4. <\/b><\/h3>\n<h3><b>Base l\u00e9gale<\/b><\/h3>\n<ul>\n<li>\n<p class=\"p1\"><span class=\"s1\"><b>Ex\u00e9cution d\u2019une mission d\u2019int\u00e9r\u00eat public ou du contrat<\/b><\/span> : traitement n\u00e9cessaire pour r\u00e9pondre \u00e0 vos demandes.<\/p>\n<\/li>\n<li>\n<p class=\"p1\"><span class=\"s1\"><b>Consentement<\/b><\/span> : requis pour l\u2019envoi de communications marketing ou l\u2019analyse via cookies.<\/p>\n<\/li>\n<li>\n<p class=\"p1\"><span class=\"s1\"><b>Obligation l\u00e9gale<\/b><\/span> : conservation de certaines donn\u00e9es pour d\u00e9fendre les droits d\u2019EnergyCare, si n\u00e9cessaire.<\/p>\n<\/li>\n<\/ul>\n<hr \/>\n<h3><b>5. <\/b><\/h3>\n<h3><b>Dur\u00e9e de conservation des donn\u00e9es<\/b><\/h3>\n<ul>\n<li>\n<p class=\"p1\">Donn\u00e9es de contact et professionnels : conserv\u00e9es pendant la dur\u00e9e n\u00e9cessaire \u00e0 la relation (ex. 3 ans apr\u00e8s dernier contact), sauf obligations l\u00e9gales contraires.<\/p>\n<\/li>\n<li>\n<p class=\"p1\">Donn\u00e9es de navigation (via cookies) : g\u00e9n\u00e9ralement jusqu\u2019\u00e0 13 mois (conform\u00e9ment aux recommandations CNIL), sauf demande contraire.<\/p>\n<\/li>\n<\/ul>\n<hr \/>\n<h3><b>6. <\/b><\/h3>\n<h3><b>Partage des donn\u00e9es<\/b><\/h3>\n<ul>\n<li>\n<p class=\"p1\">Vous ne serez <span class=\"s1\"><b>pas transf\u00e9r\u00e9s \u00e0 des tiers<\/b><\/span> \u00e0 des fins commerciales sans votre consentement.<\/p>\n<\/li>\n<li>\n<p class=\"p1\">Des prestataires externes peuvent acc\u00e9der \u00e0 certaines donn\u00e9es (<i>h\u00e9bergement, analytics, outil de formulaire<\/i>), uniquement selon les besoins du service, et sous devoir de confidentialit\u00e9 (sous-traitants).<\/p>\n<\/li>\n<\/ul>\n<hr \/>\n<h3><b>7. <\/b><\/h3>\n<h3><b>Vos droits (conform\u00e9ment au RGPD)<\/b><\/h3>\n<p class=\"p2\">\n<p class=\"p3\">Vous disposez des droits suivants :<\/p>\n<ul>\n<li>\n<p class=\"p1\"><span class=\"s1\"><b>Acc\u00e8s<\/b><\/span> \u00e0 vos donn\u00e9es personnelles.<\/p>\n<\/li>\n<li>\n<p class=\"p1\"><span class=\"s1\"><b>Rectification<\/b><\/span> si elles sont incompl\u00e8tes ou incorrectes.<\/p>\n<\/li>\n<li>\n<p class=\"p1\"><span class=\"s1\"><b>Effacement<\/b><\/span> (droit \u00e0 l\u2019oubli), dans les limites l\u00e9gales.<\/p>\n<\/li>\n<li>\n<p class=\"p1\"><span class=\"s1\"><b>Limitation<\/b><\/span> ou <span class=\"s1\"><b>opposition<\/b><\/span> aux traitements.<\/p>\n<\/li>\n<li>\n<p class=\"p1\"><span class=\"s1\"><b>Portabilit\u00e9<\/b><\/span>, dans un format structur\u00e9, si applicable.<\/p>\n<\/li>\n<li>\n<p class=\"p1\">Vous pouvez <span class=\"s1\"><b>retirer votre consentement<\/b><\/span> \u00e0 tout moment (notamment pour les cookies ou newsletters).<\/p>\n<p class=\"p1\">Exercez vos droits en contactant : <span class=\"s1\"><b>contact@energycare.fr<\/b><\/span>. R\u00e9ponse garantie sous 1 mois (sauf cas particuliers).<\/p>\n<\/li>\n<\/ul>\n<hr \/>\n<h3><b>8. <\/b><\/h3>\n<h3><b>Cookies &amp; traceurs<\/b><\/h3>\n<ul>\n<li>\n<p class=\"p1\">Le site utilise <i>potentiellement<\/i> des cookies fonctionnels (n\u00e9cessaires au bon fonctionnement) et analytiques (pour optimiser le site).<\/p>\n<\/li>\n<li>\n<p class=\"p1\">\u00c0 terme, un bandeau\/goutil de gestion des cookies (cookie consent) sera mis en place pour vous permettre d\u2019accepter ou refuser les cookies non essentiels.<\/p>\n<\/li>\n<\/ul>\n<hr \/>\n<h3><b>9. <\/b><\/h3>\n<h3><b>S\u00e9curit\u00e9 des donn\u00e9es<\/b><\/h3>\n<p class=\"p2\">\n<p class=\"p3\">Des mesures techniques et organisationnelles sont mises en place pour garantir la s\u00e9curit\u00e9 et la confidentialit\u00e9 de vos donn\u00e9es (acc\u00e8s restreint, h\u00e9bergement s\u00e9curis\u00e9, chiffrement, sauvegardes).<\/p>\n<hr \/>\n<h3><b>10. <\/b><\/h3>\n<h3><b>Mise \u00e0 jour de cette politique<\/b><\/h3>\n<p class=\"p2\">\n<p class=\"p3\">Cette politique peut \u00eatre modifi\u00e9e (nouvelles fonctionnalit\u00e9s, \u00e9volution l\u00e9gale, etc.). La date de la derni\u00e8re mise \u00e0 jour sera indiqu\u00e9e en t\u00eate (ex. <span class=\"s2\"><b>Derni\u00e8re mise \u00e0 jour : 8 septembre 2025<\/b><\/span>).<\/p>\n<p><\/p>[\/et_pb_text][\/et_pb_column][\/et_pb_row][\/et_pb_section]","protected":false},"excerpt":{"rendered":"<p>Politique de Confidentialit\u00e9 1. Identification du responsable du traitement EnergyCare (SASU au capital de 60 000 \u20ac), RCS Lyon 810 204 784, dont le si\u00e8ge social est situ\u00e9 ZAC de Clape Loup, 3 Rue des Marronniers, 69280 Sainte-Consorce (France) \u2013 contact : contact@energycare.fr. Autres agences : Paris, Martinique, \u00cele-de-France, Hauts-de-France\u00a0 . 2. Donn\u00e9es collect\u00e9es Nous pouvons \u00eatre amen\u00e9s \u00e0 collecter les cat\u00e9gories de donn\u00e9es suivantes : Identifiants de contact : nom, pr\u00e9nom, adresse e-mail, num\u00e9ro de t\u00e9l\u00e9phone, si vous nous contactez via le formulaire. Informations professionnelles : si vous \u00eates prospect ou client (entreprise, secteur, besoin, etc.). Donn\u00e9es de navigation : via des cookies analytiques (ex. Google Analytics), pour am\u00e9liorer le site (sous r\u00e9serve de consentement). 3. Finalit\u00e9s du traitement G\u00e9rer vos demandes via les formulaires de contact. Vous r\u00e9pondre efficacement (information, devis, suivi). Envoyer des actualit\u00e9s, offres, ou newsletter si un consentement explicite est collect\u00e9. Am\u00e9liorer l\u2019ergonomie et analyser l\u2019usage du site pour optimiser son contenu (avec consentement). 4. Base l\u00e9gale Ex\u00e9cution d\u2019une mission d\u2019int\u00e9r\u00eat public ou du contrat : traitement n\u00e9cessaire pour r\u00e9pondre \u00e0 vos demandes. Consentement : requis pour l\u2019envoi de communications marketing ou l\u2019analyse via cookies. Obligation l\u00e9gale : conservation de certaines donn\u00e9es pour d\u00e9fendre les [&hellip;]<\/p>\n","protected":false},"author":1,"featured_media":0,"parent":0,"menu_order":0,"comment_status":"closed","ping_status":"open","template":"","meta":{"_et_pb_use_builder":"on","_et_pb_old_content":"<!-- wp:heading --><h2>Qui sommes-nous\u00a0?<\/h2><!-- \/wp:heading --><!-- wp:paragraph --><p><strong class=\"privacy-policy-tutorial\">Texte sugg\u00e9r\u00e9\u00a0: <\/strong>L\u2019adresse de notre site est\u00a0: http:\/\/energycare.fr.<\/p><!-- \/wp:paragraph --><!-- wp:heading --><h2>Commentaires<\/h2><!-- \/wp:heading --><!-- wp:paragraph --><p><strong class=\"privacy-policy-tutorial\">Texte sugg\u00e9r\u00e9\u00a0: <\/strong>Quand vous laissez un commentaire sur notre site, les donn\u00e9es inscrites dans le formulaire de commentaire, ainsi que votre adresse IP et l\u2019agent utilisateur de votre navigateur sont collect\u00e9s pour nous aider \u00e0 la d\u00e9tection des commentaires ind\u00e9sirables.<\/p><!-- \/wp:paragraph --><!-- wp:paragraph --><p>Une cha\u00eene anonymis\u00e9e cr\u00e9\u00e9e \u00e0 partir de votre adresse e-mail (\u00e9galement appel\u00e9e hash) peut \u00eatre envoy\u00e9e au service Gravatar pour v\u00e9rifier si vous utilisez ce dernier. Les clauses de confidentialit\u00e9 du service Gravatar sont disponibles ici\u00a0: https:\/\/automattic.com\/privacy\/. Apr\u00e8s validation de votre commentaire, votre photo de profil sera visible publiquement \u00e0 cot\u00e9 de votre commentaire.<\/p><!-- \/wp:paragraph --><!-- wp:heading --><h2>M\u00e9dias<\/h2><!-- \/wp:heading --><!-- wp:paragraph --><p><strong class=\"privacy-policy-tutorial\">Texte sugg\u00e9r\u00e9\u00a0: <\/strong>Si vous t\u00e9l\u00e9versez des images sur le site, nous vous conseillons d\u2019\u00e9viter de t\u00e9l\u00e9verser des images contenant des donn\u00e9es EXIF de coordonn\u00e9es GPS. Les personnes visitant votre site peuvent t\u00e9l\u00e9charger et extraire des donn\u00e9es de localisation depuis ces images.<\/p><!-- \/wp:paragraph --><!-- wp:heading --><h2>Cookies<\/h2><!-- \/wp:heading --><!-- wp:paragraph --><p><strong class=\"privacy-policy-tutorial\">Texte sugg\u00e9r\u00e9\u00a0: <\/strong>Si vous d\u00e9posez un commentaire sur notre site, il vous sera propos\u00e9 d\u2019enregistrer votre nom, adresse e-mail et site dans des cookies. C\u2019est uniquement pour votre confort afin de ne pas avoir \u00e0 saisir ces informations si vous d\u00e9posez un autre commentaire plus tard. Ces cookies expirent au bout d\u2019un an.<\/p><!-- \/wp:paragraph --><!-- wp:paragraph --><p>Si vous vous rendez sur la page de connexion, un cookie temporaire sera cr\u00e9\u00e9 afin de d\u00e9terminer si votre navigateur accepte les cookies. Il ne contient pas de donn\u00e9es personnelles et sera supprim\u00e9 automatiquement \u00e0 la fermeture de votre navigateur.<\/p><!-- \/wp:paragraph --><!-- wp:paragraph --><p>Lorsque vous vous connecterez, nous mettrons en place un certain nombre de cookies pour enregistrer vos informations de connexion et vos pr\u00e9f\u00e9rences d\u2019\u00e9cran. La dur\u00e9e de vie d\u2019un cookie de connexion est de deux jours, celle d\u2019un cookie d\u2019option d\u2019\u00e9cran est d\u2019un an. Si vous cochez \u00ab\u00a0Se souvenir de moi\u00a0\u00bb, votre cookie de connexion sera conserv\u00e9 pendant deux semaines. Si vous vous d\u00e9connectez de votre compte, le cookie de connexion sera effac\u00e9.<\/p><!-- \/wp:paragraph --><!-- wp:paragraph --><p>En modifiant ou en publiant une publication, un cookie suppl\u00e9mentaire sera enregistr\u00e9 dans votre navigateur. Ce cookie ne comprend aucune donn\u00e9e personnelle. Il indique simplement l\u2019ID de la publication que vous venez de modifier. Il expire au bout d\u2019un jour.<\/p><!-- \/wp:paragraph --><!-- wp:heading --><h2>Contenu embarqu\u00e9 depuis d\u2019autres sites<\/h2><!-- \/wp:heading --><!-- wp:paragraph --><p><strong class=\"privacy-policy-tutorial\">Texte sugg\u00e9r\u00e9\u00a0: <\/strong>Les articles de ce site peuvent inclure des contenus int\u00e9gr\u00e9s (par exemple des vid\u00e9os, images, articles\u2026). Le contenu int\u00e9gr\u00e9 depuis d\u2019autres sites se comporte de la m\u00eame mani\u00e8re que si le visiteur se rendait sur cet autre site.<\/p><!-- \/wp:paragraph --><!-- wp:paragraph --><p>Ces sites web pourraient collecter des donn\u00e9es sur vous, utiliser des cookies, embarquer des outils de suivis tiers, suivre vos interactions avec ces contenus embarqu\u00e9s si vous disposez d\u2019un compte connect\u00e9 sur leur site web.<\/p><!-- \/wp:paragraph --><!-- wp:heading --><h2>Utilisation et transmission de vos donn\u00e9es personnelles<\/h2><!-- \/wp:heading --><!-- wp:paragraph --><p><strong class=\"privacy-policy-tutorial\">Texte sugg\u00e9r\u00e9\u00a0: <\/strong>Si vous demandez une r\u00e9initialisation de votre mot de passe, votre adresse IP sera incluse dans l\u2019e-mail de r\u00e9initialisation.<\/p><!-- \/wp:paragraph --><!-- wp:heading --><h2>Dur\u00e9es de stockage de vos donn\u00e9es<\/h2><!-- \/wp:heading --><!-- wp:paragraph --><p><strong class=\"privacy-policy-tutorial\">Texte sugg\u00e9r\u00e9\u00a0: <\/strong>Si vous laissez un commentaire, le commentaire et ses m\u00e9tadonn\u00e9es sont conserv\u00e9s ind\u00e9finiment. Cela permet de reconna\u00eetre et approuver automatiquement les commentaires suivants au lieu de les laisser dans la file de mod\u00e9ration.<\/p><!-- \/wp:paragraph --><!-- wp:paragraph --><p>Pour les comptes qui s\u2019inscrivent sur notre site (le cas \u00e9ch\u00e9ant), nous stockons \u00e9galement les donn\u00e9es personnelles indiqu\u00e9es dans leur profil. Tous les comptes peuvent voir, modifier ou supprimer leurs informations personnelles \u00e0 tout moment (\u00e0 l\u2019exception de leur identifiant). Les gestionnaires du site peuvent aussi voir et modifier ces informations.<\/p><!-- \/wp:paragraph --><!-- wp:heading --><h2>Les droits que vous avez sur vos donn\u00e9es<\/h2><!-- \/wp:heading --><!-- wp:paragraph --><p><strong class=\"privacy-policy-tutorial\">Texte sugg\u00e9r\u00e9\u00a0: <\/strong>Si vous avez un compte ou si vous avez laiss\u00e9 des commentaires sur le site, vous pouvez demander \u00e0 recevoir un fichier contenant toutes les donn\u00e9es personnelles que nous poss\u00e9dons \u00e0 votre sujet, incluant celles que vous nous avez fournies. Vous pouvez \u00e9galement demander la suppression des donn\u00e9es personnelles vous concernant. Cela ne prend pas en compte les donn\u00e9es stock\u00e9es \u00e0 des fins administratives, l\u00e9gales ou pour des raisons de s\u00e9curit\u00e9.<\/p><!-- \/wp:paragraph --><!-- wp:heading --><h2>Transmission de vos donn\u00e9es personnelles<\/h2><!-- \/wp:heading --><!-- wp:paragraph --><p><strong class=\"privacy-policy-tutorial\">Texte sugg\u00e9r\u00e9\u00a0: <\/strong>Les commentaires des visiteurs peuvent \u00eatre v\u00e9rifi\u00e9s \u00e0 l\u2019aide d\u2019un service automatis\u00e9 de d\u00e9tection des commentaires ind\u00e9sirables.<\/p><!-- \/wp:paragraph -->","_et_gb_content_width":"","footnotes":""},"class_list":["post-3","page","type-page","status-publish","hentry"],"yoast_head":"<!-- This site is optimized with the Yoast SEO plugin v27.4 - https:\/\/yoast.com\/product\/yoast-seo-wordpress\/ -->\n<title>Politique de confidentialit\u00e9 - EnergyCare<\/title>\n<meta name=\"robots\" content=\"index, follow, max-snippet:-1, max-image-preview:large, max-video-preview:-1\" \/>\n<link rel=\"canonical\" href=\"https:\/\/energycare.fr\/index.php\/politique-de-confidentialite\/\" \/>\n<meta property=\"og:locale\" content=\"fr_FR\" \/>\n<meta property=\"og:type\" content=\"article\" \/>\n<meta property=\"og:title\" content=\"Politique de confidentialit\u00e9 - EnergyCare\" \/>\n<meta property=\"og:description\" content=\"Politique de Confidentialit\u00e9 1. Identification du responsable du traitement EnergyCare (SASU au capital de 60 000 \u20ac), RCS Lyon 810 204 784, dont le si\u00e8ge social est situ\u00e9 ZAC de Clape Loup, 3 Rue des Marronniers, 69280 Sainte-Consorce (France) \u2013 contact : contact@energycare.fr. Autres agences : Paris, Martinique, \u00cele-de-France, Hauts-de-France\u00a0 . 2. Donn\u00e9es collect\u00e9es Nous pouvons \u00eatre amen\u00e9s \u00e0 collecter les cat\u00e9gories de donn\u00e9es suivantes : Identifiants de contact : nom, pr\u00e9nom, adresse e-mail, num\u00e9ro de t\u00e9l\u00e9phone, si vous nous contactez via le formulaire. Informations professionnelles : si vous \u00eates prospect ou client (entreprise, secteur, besoin, etc.). Donn\u00e9es de navigation : via des cookies analytiques (ex. Google Analytics), pour am\u00e9liorer le site (sous r\u00e9serve de consentement). 3. Finalit\u00e9s du traitement G\u00e9rer vos demandes via les formulaires de contact. Vous r\u00e9pondre efficacement (information, devis, suivi). Envoyer des actualit\u00e9s, offres, ou newsletter si un consentement explicite est collect\u00e9. Am\u00e9liorer l\u2019ergonomie et analyser l\u2019usage du site pour optimiser son contenu (avec consentement). 4. Base l\u00e9gale Ex\u00e9cution d\u2019une mission d\u2019int\u00e9r\u00eat public ou du contrat : traitement n\u00e9cessaire pour r\u00e9pondre \u00e0 vos demandes. Consentement : requis pour l\u2019envoi de communications marketing ou l\u2019analyse via cookies. Obligation l\u00e9gale : conservation de certaines donn\u00e9es pour d\u00e9fendre les [&hellip;]\" \/>\n<meta property=\"og:url\" content=\"https:\/\/energycare.fr\/index.php\/politique-de-confidentialite\/\" \/>\n<meta property=\"og:site_name\" content=\"EnergyCare\" \/>\n<meta property=\"article:modified_time\" content=\"2025-09-09T08:40:29+00:00\" \/>\n<meta name=\"twitter:card\" content=\"summary_large_image\" \/>\n<meta name=\"twitter:label1\" content=\"Dur\u00e9e de lecture estim\u00e9e\" \/>\n\t<meta name=\"twitter:data1\" content=\"3 minutes\" \/>\n<script type=\"application\/ld+json\" class=\"yoast-schema-graph\">{\"@context\":\"https:\\\/\\\/schema.org\",\"@graph\":[{\"@type\":\"WebPage\",\"@id\":\"https:\\\/\\\/energycare.fr\\\/index.php\\\/politique-de-confidentialite\\\/\",\"url\":\"https:\\\/\\\/energycare.fr\\\/index.php\\\/politique-de-confidentialite\\\/\",\"name\":\"Politique de confidentialit\u00e9 - EnergyCare\",\"isPartOf\":{\"@id\":\"https:\\\/\\\/energycare.fr\\\/#website\"},\"datePublished\":\"2025-02-13T14:37:21+00:00\",\"dateModified\":\"2025-09-09T08:40:29+00:00\",\"breadcrumb\":{\"@id\":\"https:\\\/\\\/energycare.fr\\\/index.php\\\/politique-de-confidentialite\\\/#breadcrumb\"},\"inLanguage\":\"fr-FR\",\"potentialAction\":[{\"@type\":\"ReadAction\",\"target\":[\"https:\\\/\\\/energycare.fr\\\/index.php\\\/politique-de-confidentialite\\\/\"]}]},{\"@type\":\"BreadcrumbList\",\"@id\":\"https:\\\/\\\/energycare.fr\\\/index.php\\\/politique-de-confidentialite\\\/#breadcrumb\",\"itemListElement\":[{\"@type\":\"ListItem\",\"position\":1,\"name\":\"Home\",\"item\":\"https:\\\/\\\/energycare.fr\\\/\"},{\"@type\":\"ListItem\",\"position\":2,\"name\":\"Politique de confidentialit\u00e9\"}]},{\"@type\":\"WebSite\",\"@id\":\"https:\\\/\\\/energycare.fr\\\/#website\",\"url\":\"https:\\\/\\\/energycare.fr\\\/\",\"name\":\"EnergyCare\",\"description\":\"Condensez la performance, rel\u00e2cher la pression.\",\"potentialAction\":[{\"@type\":\"SearchAction\",\"target\":{\"@type\":\"EntryPoint\",\"urlTemplate\":\"https:\\\/\\\/energycare.fr\\\/?s={search_term_string}\"},\"query-input\":{\"@type\":\"PropertyValueSpecification\",\"valueRequired\":true,\"valueName\":\"search_term_string\"}}],\"inLanguage\":\"fr-FR\"}]}<\/script>\n<!-- \/ Yoast SEO plugin. -->","yoast_head_json":{"title":"Politique de confidentialit\u00e9 - EnergyCare","robots":{"index":"index","follow":"follow","max-snippet":"max-snippet:-1","max-image-preview":"max-image-preview:large","max-video-preview":"max-video-preview:-1"},"canonical":"https:\/\/energycare.fr\/index.php\/politique-de-confidentialite\/","og_locale":"fr_FR","og_type":"article","og_title":"Politique de confidentialit\u00e9 - EnergyCare","og_description":"Politique de Confidentialit\u00e9 1. Identification du responsable du traitement EnergyCare (SASU au capital de 60 000 \u20ac), RCS Lyon 810 204 784, dont le si\u00e8ge social est situ\u00e9 ZAC de Clape Loup, 3 Rue des Marronniers, 69280 Sainte-Consorce (France) \u2013 contact : contact@energycare.fr. Autres agences : Paris, Martinique, \u00cele-de-France, Hauts-de-France\u00a0 . 2. Donn\u00e9es collect\u00e9es Nous pouvons \u00eatre amen\u00e9s \u00e0 collecter les cat\u00e9gories de donn\u00e9es suivantes : Identifiants de contact : nom, pr\u00e9nom, adresse e-mail, num\u00e9ro de t\u00e9l\u00e9phone, si vous nous contactez via le formulaire. Informations professionnelles : si vous \u00eates prospect ou client (entreprise, secteur, besoin, etc.). Donn\u00e9es de navigation : via des cookies analytiques (ex. Google Analytics), pour am\u00e9liorer le site (sous r\u00e9serve de consentement). 3. Finalit\u00e9s du traitement G\u00e9rer vos demandes via les formulaires de contact. Vous r\u00e9pondre efficacement (information, devis, suivi). Envoyer des actualit\u00e9s, offres, ou newsletter si un consentement explicite est collect\u00e9. Am\u00e9liorer l\u2019ergonomie et analyser l\u2019usage du site pour optimiser son contenu (avec consentement). 4. Base l\u00e9gale Ex\u00e9cution d\u2019une mission d\u2019int\u00e9r\u00eat public ou du contrat : traitement n\u00e9cessaire pour r\u00e9pondre \u00e0 vos demandes. Consentement : requis pour l\u2019envoi de communications marketing ou l\u2019analyse via cookies. Obligation l\u00e9gale : conservation de certaines donn\u00e9es pour d\u00e9fendre les [&hellip;]","og_url":"https:\/\/energycare.fr\/index.php\/politique-de-confidentialite\/","og_site_name":"EnergyCare","article_modified_time":"2025-09-09T08:40:29+00:00","twitter_card":"summary_large_image","twitter_misc":{"Dur\u00e9e de lecture estim\u00e9e":"3 minutes"},"schema":{"@context":"https:\/\/schema.org","@graph":[{"@type":"WebPage","@id":"https:\/\/energycare.fr\/index.php\/politique-de-confidentialite\/","url":"https:\/\/energycare.fr\/index.php\/politique-de-confidentialite\/","name":"Politique de confidentialit\u00e9 - EnergyCare","isPartOf":{"@id":"https:\/\/energycare.fr\/#website"},"datePublished":"2025-02-13T14:37:21+00:00","dateModified":"2025-09-09T08:40:29+00:00","breadcrumb":{"@id":"https:\/\/energycare.fr\/index.php\/politique-de-confidentialite\/#breadcrumb"},"inLanguage":"fr-FR","potentialAction":[{"@type":"ReadAction","target":["https:\/\/energycare.fr\/index.php\/politique-de-confidentialite\/"]}]},{"@type":"BreadcrumbList","@id":"https:\/\/energycare.fr\/index.php\/politique-de-confidentialite\/#breadcrumb","itemListElement":[{"@type":"ListItem","position":1,"name":"Home","item":"https:\/\/energycare.fr\/"},{"@type":"ListItem","position":2,"name":"Politique de confidentialit\u00e9"}]},{"@type":"WebSite","@id":"https:\/\/energycare.fr\/#website","url":"https:\/\/energycare.fr\/","name":"EnergyCare","description":"Condensez la performance, rel\u00e2cher la pression.","potentialAction":[{"@type":"SearchAction","target":{"@type":"EntryPoint","urlTemplate":"https:\/\/energycare.fr\/?s={search_term_string}"},"query-input":{"@type":"PropertyValueSpecification","valueRequired":true,"valueName":"search_term_string"}}],"inLanguage":"fr-FR"}]}},"_links":{"self":[{"href":"https:\/\/energycare.fr\/index.php\/wp-json\/wp\/v2\/pages\/3","targetHints":{"allow":["GET"]}}],"collection":[{"href":"https:\/\/energycare.fr\/index.php\/wp-json\/wp\/v2\/pages"}],"about":[{"href":"https:\/\/energycare.fr\/index.php\/wp-json\/wp\/v2\/types\/page"}],"author":[{"embeddable":true,"href":"https:\/\/energycare.fr\/index.php\/wp-json\/wp\/v2\/users\/1"}],"replies":[{"embeddable":true,"href":"https:\/\/energycare.fr\/index.php\/wp-json\/wp\/v2\/comments?post=3"}],"version-history":[{"count":3,"href":"https:\/\/energycare.fr\/index.php\/wp-json\/wp\/v2\/pages\/3\/revisions"}],"predecessor-version":[{"id":984,"href":"https:\/\/energycare.fr\/index.php\/wp-json\/wp\/v2\/pages\/3\/revisions\/984"}],"wp:attachment":[{"href":"https:\/\/energycare.fr\/index.php\/wp-json\/wp\/v2\/media?parent=3"}],"curies":[{"name":"wp","href":"https:\/\/api.w.org\/{rel}","templated":true}]}}